{"id":4179,"date":"2024-12-12T14:53:52","date_gmt":"2024-12-12T13:53:52","guid":{"rendered":"https:\/\/benchaaben-fragrance.com\/?post_type=product&#038;p=4179"},"modified":"2024-12-12T15:10:45","modified_gmt":"2024-12-12T14:10:45","slug":"guerlain-musc-noble-extrait-de-parfum","status":"publish","type":"product","link":"https:\/\/benchaaben-fragrance.com\/?product=guerlain-musc-noble-extrait-de-parfum","title":{"rendered":"GUERLAIN Musc Noble Extrait De Parfum"},"content":{"rendered":"<p>Extrait de Parfum \u00a0\u00bb <strong>Musc Noble<\/strong> \u00a0\u00bb de <strong>Thierry Wasser<\/strong>, le Parfumeur de la Maison Guerlain, qui c&rsquo;est bas\u00e9 sur l&rsquo;une des mati\u00e8res premi\u00e8res myst\u00e9rieuses de la parfumerie est le Musc. Un Floral Musqu\u00e9 pour homme et femme qui est compos\u00e9 des notes de t\u00eates (baies roses, safran et g\u00e9ranium), des notes de c\u0153ur ( rose et musc) et de notes de fond (ciste, c\u00e8dre et du ambre).<\/p>\n","protected":false},"excerpt":{"rendered":"<p>Extrait de Parfum \u00a0\u00bb <strong>Musc Noble<\/strong> \u00a0\u00bb de <strong>Thierry Wasser<\/strong>, le Parfumeur de la Maison Guerlain, qui c&rsquo;est bas\u00e9 sur l&rsquo;une des mati\u00e8res premi\u00e8res myst\u00e9rieuses de la parfumerie est le Musc. Un Floral Musqu\u00e9 pour homme et femme qui est compos\u00e9 des notes de t\u00eates (baies roses, safran et g\u00e9ranium), des notes de c\u0153ur ( rose et musc) et de notes de fond (ciste, c\u00e8dre et du ambre).<\/p>\n","protected":false},"featured_media":4182,"comment_status":"open","ping_status":"closed","template":"","meta":[],"product_brand":[],"product_cat":[196,195,197],"product_tag":[211,198,204],"class_list":{"0":"post-4179","1":"product","2":"type-product","3":"status-publish","4":"has-post-thumbnail","6":"product_cat-parfum-femme","7":"product_cat-parfum-homme","8":"product_cat-parfum-unisexe","9":"product_tag-guerlain","10":"product_tag-parfum-femme","11":"product_tag-parfum-homme","13":"first","14":"instock","15":"shipping-taxable","16":"purchasable","17":"product-type-variable","18":"has-default-attributes"},"jetpack_sharing_enabled":true,"_links":{"self":[{"href":"https:\/\/benchaaben-fragrance.com\/index.php?rest_route=\/wp\/v2\/product\/4179","targetHints":{"allow":["GET"]}}],"collection":[{"href":"https:\/\/benchaaben-fragrance.com\/index.php?rest_route=\/wp\/v2\/product"}],"about":[{"href":"https:\/\/benchaaben-fragrance.com\/index.php?rest_route=\/wp\/v2\/types\/product"}],"replies":[{"embeddable":true,"href":"https:\/\/benchaaben-fragrance.com\/index.php?rest_route=%2Fwp%2Fv2%2Fcomments&post=4179"}],"wp:featuredmedia":[{"embeddable":true,"href":"https:\/\/benchaaben-fragrance.com\/index.php?rest_route=\/wp\/v2\/media\/4182"}],"wp:attachment":[{"href":"https:\/\/benchaaben-fragrance.com\/index.php?rest_route=%2Fwp%2Fv2%2Fmedia&parent=4179"}],"wp:term":[{"taxonomy":"product_brand","embeddable":true,"href":"https:\/\/benchaaben-fragrance.com\/index.php?rest_route=%2Fwp%2Fv2%2Fproduct_brand&post=4179"},{"taxonomy":"product_cat","embeddable":true,"href":"https:\/\/benchaaben-fragrance.com\/index.php?rest_route=%2Fwp%2Fv2%2Fproduct_cat&post=4179"},{"taxonomy":"product_tag","embeddable":true,"href":"https:\/\/benchaaben-fragrance.com\/index.php?rest_route=%2Fwp%2Fv2%2Fproduct_tag&post=4179"}],"curies":[{"name":"wp","href":"https:\/\/api.w.org\/{rel}","templated":true}]}}