{"id":4217,"date":"2024-12-12T16:03:10","date_gmt":"2024-12-12T15:03:10","guid":{"rendered":"https:\/\/benchaaben-fragrance.com\/?post_type=product&#038;p=4217"},"modified":"2024-12-12T16:06:27","modified_gmt":"2024-12-12T15:06:27","slug":"sole-patchouli-vertus-extrait-de-parfum","status":"publish","type":"product","link":"https:\/\/benchaaben-fragrance.com\/?product=sole-patchouli-vertus-extrait-de-parfum","title":{"rendered":"Sole Patchouli Vertus Extrait De Parfum"},"content":{"rendered":"<p><b>Sole Patchouli<\/b>\u00a0de\u00a0<b>Vertus<\/b>\u00a0est un parfum pour homme et femme.\u00a0<b>Sole Patchouli<\/b>\u00a0a \u00e9t\u00e9 lanc\u00e9 en 2017. Les notes de t\u00eate sont Patchouli, Notes vertes et Racine d&rsquo;iris; les notes de coeur sont Patchouli et Mimosa; les notes de fond sont Patchouli, Guimauve et Civette.<\/p>\n","protected":false},"excerpt":{"rendered":"<p><b>Sole Patchouli<\/b>\u00a0de\u00a0<b>Vertus<\/b>\u00a0est un parfum pour homme et femme.\u00a0<b>Sole Patchouli<\/b>\u00a0a \u00e9t\u00e9 lanc\u00e9 en 2017. Les notes de t\u00eate sont Patchouli, Notes vertes et Racine d&rsquo;iris; les notes de coeur sont Patchouli et Mimosa; les notes de fond sont Patchouli, Guimauve et Civette.<\/p>\n","protected":false},"featured_media":4220,"comment_status":"open","ping_status":"closed","template":"","meta":[],"product_brand":[],"product_cat":[194,196,195,197],"product_tag":[198,204,217],"class_list":{"0":"post-4217","1":"product","2":"type-product","3":"status-publish","4":"has-post-thumbnail","6":"product_cat-parfum-de-niche","7":"product_cat-parfum-femme","8":"product_cat-parfum-homme","9":"product_cat-parfum-unisexe","10":"product_tag-parfum-femme","11":"product_tag-parfum-homme","12":"product_tag-vertus","14":"first","15":"instock","16":"shipping-taxable","17":"purchasable","18":"product-type-variable","19":"has-default-attributes"},"jetpack_sharing_enabled":true,"_links":{"self":[{"href":"https:\/\/benchaaben-fragrance.com\/index.php?rest_route=\/wp\/v2\/product\/4217","targetHints":{"allow":["GET"]}}],"collection":[{"href":"https:\/\/benchaaben-fragrance.com\/index.php?rest_route=\/wp\/v2\/product"}],"about":[{"href":"https:\/\/benchaaben-fragrance.com\/index.php?rest_route=\/wp\/v2\/types\/product"}],"replies":[{"embeddable":true,"href":"https:\/\/benchaaben-fragrance.com\/index.php?rest_route=%2Fwp%2Fv2%2Fcomments&post=4217"}],"wp:featuredmedia":[{"embeddable":true,"href":"https:\/\/benchaaben-fragrance.com\/index.php?rest_route=\/wp\/v2\/media\/4220"}],"wp:attachment":[{"href":"https:\/\/benchaaben-fragrance.com\/index.php?rest_route=%2Fwp%2Fv2%2Fmedia&parent=4217"}],"wp:term":[{"taxonomy":"product_brand","embeddable":true,"href":"https:\/\/benchaaben-fragrance.com\/index.php?rest_route=%2Fwp%2Fv2%2Fproduct_brand&post=4217"},{"taxonomy":"product_cat","embeddable":true,"href":"https:\/\/benchaaben-fragrance.com\/index.php?rest_route=%2Fwp%2Fv2%2Fproduct_cat&post=4217"},{"taxonomy":"product_tag","embeddable":true,"href":"https:\/\/benchaaben-fragrance.com\/index.php?rest_route=%2Fwp%2Fv2%2Fproduct_tag&post=4217"}],"curies":[{"name":"wp","href":"https:\/\/api.w.org\/{rel}","templated":true}]}}