{"id":4327,"date":"2024-12-13T15:37:34","date_gmt":"2024-12-13T14:37:34","guid":{"rendered":"https:\/\/benchaaben-fragrance.com\/?post_type=product&#038;p=4327"},"modified":"2024-12-13T15:45:56","modified_gmt":"2024-12-13T14:45:56","slug":"egoiste-chanel-extrait-de-parfum","status":"publish","type":"product","link":"https:\/\/benchaaben-fragrance.com\/?product=egoiste-chanel-extrait-de-parfum","title":{"rendered":"L&rsquo;Homme Libre Yves Saint Laurent Extrait De Parfum"},"content":{"rendered":"<p><b>L&rsquo;Homme Libre<\/b>\u00a0de\u00a0<b>Yves Saint Laurent<\/b>\u00a0est un parfum Bois\u00e9 \u00c9pic\u00e9 pour homme.\u00a0<b>L&rsquo;Homme Libre<\/b>\u00a0a \u00e9t\u00e9 lanc\u00e9 en 2011. L&rsquo;Homme Libre a \u00e9t\u00e9 cr\u00e9\u00e9 par Olivier Polge et Carlos Bena\u00efm. Les notes de t\u00eate sont Feuille de violette, Basilic, Badiane de Chine et Bergamote; les notes de coeur sont Poivre rose et Noix de muscade; les notes de fond sont V\u00e9tiver et Patchouli.<\/p>\n","protected":false},"excerpt":{"rendered":"<p><b>L&rsquo;Homme Libre<\/b>\u00a0de\u00a0<b>Yves Saint Laurent<\/b>\u00a0est un parfum Bois\u00e9 \u00c9pic\u00e9 pour homme.\u00a0<b>L&rsquo;Homme Libre<\/b>\u00a0a \u00e9t\u00e9 lanc\u00e9 en 2011. L&rsquo;Homme Libre a \u00e9t\u00e9 cr\u00e9\u00e9 par Olivier Polge et Carlos Bena\u00efm. Les notes de t\u00eate sont Feuille de violette, Basilic, Badiane de Chine et Bergamote; les notes de coeur sont Poivre rose et Noix de muscade; les notes de fond sont V\u00e9tiver et Patchouli.<\/p>\n","protected":false},"featured_media":4337,"comment_status":"open","ping_status":"closed","template":"","meta":[],"product_brand":[],"product_cat":[195],"product_tag":[204,224],"class_list":{"0":"post-4327","1":"product","2":"type-product","3":"status-publish","4":"has-post-thumbnail","6":"product_cat-parfum-homme","7":"product_tag-parfum-homme","8":"product_tag-yves-saint-laurent","10":"first","11":"instock","12":"shipping-taxable","13":"purchasable","14":"product-type-variable","15":"has-default-attributes"},"jetpack_sharing_enabled":true,"_links":{"self":[{"href":"https:\/\/benchaaben-fragrance.com\/index.php?rest_route=\/wp\/v2\/product\/4327","targetHints":{"allow":["GET"]}}],"collection":[{"href":"https:\/\/benchaaben-fragrance.com\/index.php?rest_route=\/wp\/v2\/product"}],"about":[{"href":"https:\/\/benchaaben-fragrance.com\/index.php?rest_route=\/wp\/v2\/types\/product"}],"replies":[{"embeddable":true,"href":"https:\/\/benchaaben-fragrance.com\/index.php?rest_route=%2Fwp%2Fv2%2Fcomments&post=4327"}],"wp:featuredmedia":[{"embeddable":true,"href":"https:\/\/benchaaben-fragrance.com\/index.php?rest_route=\/wp\/v2\/media\/4337"}],"wp:attachment":[{"href":"https:\/\/benchaaben-fragrance.com\/index.php?rest_route=%2Fwp%2Fv2%2Fmedia&parent=4327"}],"wp:term":[{"taxonomy":"product_brand","embeddable":true,"href":"https:\/\/benchaaben-fragrance.com\/index.php?rest_route=%2Fwp%2Fv2%2Fproduct_brand&post=4327"},{"taxonomy":"product_cat","embeddable":true,"href":"https:\/\/benchaaben-fragrance.com\/index.php?rest_route=%2Fwp%2Fv2%2Fproduct_cat&post=4327"},{"taxonomy":"product_tag","embeddable":true,"href":"https:\/\/benchaaben-fragrance.com\/index.php?rest_route=%2Fwp%2Fv2%2Fproduct_tag&post=4327"}],"curies":[{"name":"wp","href":"https:\/\/api.w.org\/{rel}","templated":true}]}}