{"id":4338,"date":"2024-12-13T15:52:16","date_gmt":"2024-12-13T14:52:16","guid":{"rendered":"https:\/\/benchaaben-fragrance.com\/?post_type=product&#038;p=4338"},"modified":"2024-12-13T15:56:25","modified_gmt":"2024-12-13T14:56:25","slug":"eternity-for-men-calvin-klein-extrait-de-parfum","status":"publish","type":"product","link":"https:\/\/benchaaben-fragrance.com\/?product=eternity-for-men-calvin-klein-extrait-de-parfum","title":{"rendered":"Eternity For Men Calvin Klein Extrait De Parfum"},"content":{"rendered":"<p><b>Eternity For Men<\/b>\u00a0de\u00a0<b>Calvin Klein<\/b>\u00a0est un parfum Aromatique Foug\u00e8re pour homme.\u00a0<b>Eternity For Men<\/b>\u00a0a \u00e9t\u00e9 lanc\u00e9 en 1990. Le nez derri\u00e8re ce parfum est Carlos Bena\u00efm. Les notes de t\u00eate sont Lavande, Citron, Bergamote et Mandarine; les notes de coeur sont Sauge, Baies de gen\u00e9vrier, Basilic, G\u00e9ranium, Jasmin, Coriandre, Fleur d&rsquo;oranger, Muguet et Lys; les notes de fond sont Bois de santal, Musc, V\u00e9tiver, Palissandre du Br\u00e9sil et Ambre.<\/p>\n","protected":false},"excerpt":{"rendered":"<p><b>Eternity For Men<\/b>\u00a0de\u00a0<b>Calvin Klein<\/b>\u00a0est un parfum Aromatique Foug\u00e8re pour homme.\u00a0<b>Eternity For Men<\/b>\u00a0a \u00e9t\u00e9 lanc\u00e9 en 1990. Le nez derri\u00e8re ce parfum est Carlos Bena\u00efm. Les notes de t\u00eate sont Lavande, Citron, Bergamote et Mandarine; les notes de coeur sont Sauge, Baies de gen\u00e9vrier, Basilic, G\u00e9ranium, Jasmin, Coriandre, Fleur d&rsquo;oranger, Muguet et Lys; les notes de fond sont Bois de santal, Musc, V\u00e9tiver, Palissandre du Br\u00e9sil et Ambre.<\/p>\n","protected":false},"featured_media":4341,"comment_status":"open","ping_status":"closed","template":"","meta":[],"product_brand":[],"product_cat":[195],"product_tag":[221,204],"class_list":{"0":"post-4338","1":"product","2":"type-product","3":"status-publish","4":"has-post-thumbnail","6":"product_cat-parfum-homme","7":"product_tag-calvin-klein","8":"product_tag-parfum-homme","10":"first","11":"instock","12":"shipping-taxable","13":"purchasable","14":"product-type-variable","15":"has-default-attributes"},"jetpack_sharing_enabled":true,"_links":{"self":[{"href":"https:\/\/benchaaben-fragrance.com\/index.php?rest_route=\/wp\/v2\/product\/4338","targetHints":{"allow":["GET"]}}],"collection":[{"href":"https:\/\/benchaaben-fragrance.com\/index.php?rest_route=\/wp\/v2\/product"}],"about":[{"href":"https:\/\/benchaaben-fragrance.com\/index.php?rest_route=\/wp\/v2\/types\/product"}],"replies":[{"embeddable":true,"href":"https:\/\/benchaaben-fragrance.com\/index.php?rest_route=%2Fwp%2Fv2%2Fcomments&post=4338"}],"wp:featuredmedia":[{"embeddable":true,"href":"https:\/\/benchaaben-fragrance.com\/index.php?rest_route=\/wp\/v2\/media\/4341"}],"wp:attachment":[{"href":"https:\/\/benchaaben-fragrance.com\/index.php?rest_route=%2Fwp%2Fv2%2Fmedia&parent=4338"}],"wp:term":[{"taxonomy":"product_brand","embeddable":true,"href":"https:\/\/benchaaben-fragrance.com\/index.php?rest_route=%2Fwp%2Fv2%2Fproduct_brand&post=4338"},{"taxonomy":"product_cat","embeddable":true,"href":"https:\/\/benchaaben-fragrance.com\/index.php?rest_route=%2Fwp%2Fv2%2Fproduct_cat&post=4338"},{"taxonomy":"product_tag","embeddable":true,"href":"https:\/\/benchaaben-fragrance.com\/index.php?rest_route=%2Fwp%2Fv2%2Fproduct_tag&post=4338"}],"curies":[{"name":"wp","href":"https:\/\/api.w.org\/{rel}","templated":true}]}}