{"id":4374,"date":"2024-12-13T16:34:27","date_gmt":"2024-12-13T15:34:27","guid":{"rendered":"https:\/\/benchaaben-fragrance.com\/?post_type=product&#038;p=4374"},"modified":"2024-12-13T16:37:37","modified_gmt":"2024-12-13T15:37:37","slug":"erba-pura-magica-sospiro-perfumes-extrait-de-parfum","status":"publish","type":"product","link":"https:\/\/benchaaben-fragrance.com\/?product=erba-pura-magica-sospiro-perfumes-extrait-de-parfum","title":{"rendered":"Erba Pura Magica Sospiro Perfumes Extrait De Parfum"},"content":{"rendered":"<p><b>Erba Pura Magica<\/b>\u00a0de\u00a0<b>Sospiro Perfumes<\/b>\u00a0est un parfum pour homme et femme. C&rsquo;est un nouveau parfum.\u00a0<b>Erba Pura Magica<\/b>\u00a0a \u00e9t\u00e9 lanc\u00e9 en 2022. Le nez derri\u00e8re ce parfum est Christian Provenzano. Les notes de t\u00eate sont Notes fruit\u00e9es, Citron, Bergamote et Jasmin; les notes de coeur sont Notes balsamiques et Racine d&rsquo;iris; les notes de fond sont Musc, Ambre, C\u00e8dre et Caramel.<\/p>\n","protected":false},"excerpt":{"rendered":"<p><b>Erba Pura Magica<\/b>\u00a0de\u00a0<b>Sospiro Perfumes<\/b>\u00a0est un parfum pour homme et femme. C&rsquo;est un nouveau parfum.\u00a0<b>Erba Pura Magica<\/b>\u00a0a \u00e9t\u00e9 lanc\u00e9 en 2022. Le nez derri\u00e8re ce parfum est Christian Provenzano. Les notes de t\u00eate sont Notes fruit\u00e9es, Citron, Bergamote et Jasmin; les notes de coeur sont Notes balsamiques et Racine d&rsquo;iris; les notes de fond sont Musc, Ambre, C\u00e8dre et Caramel.<\/p>\n","protected":false},"featured_media":4377,"comment_status":"open","ping_status":"closed","template":"","meta":[],"product_brand":[],"product_cat":[196,195,197],"product_tag":[198,204,227],"class_list":{"0":"post-4374","1":"product","2":"type-product","3":"status-publish","4":"has-post-thumbnail","6":"product_cat-parfum-femme","7":"product_cat-parfum-homme","8":"product_cat-parfum-unisexe","9":"product_tag-parfum-femme","10":"product_tag-parfum-homme","11":"product_tag-sospiro","13":"first","14":"instock","15":"shipping-taxable","16":"purchasable","17":"product-type-variable","18":"has-default-attributes"},"jetpack_sharing_enabled":true,"_links":{"self":[{"href":"https:\/\/benchaaben-fragrance.com\/index.php?rest_route=\/wp\/v2\/product\/4374","targetHints":{"allow":["GET"]}}],"collection":[{"href":"https:\/\/benchaaben-fragrance.com\/index.php?rest_route=\/wp\/v2\/product"}],"about":[{"href":"https:\/\/benchaaben-fragrance.com\/index.php?rest_route=\/wp\/v2\/types\/product"}],"replies":[{"embeddable":true,"href":"https:\/\/benchaaben-fragrance.com\/index.php?rest_route=%2Fwp%2Fv2%2Fcomments&post=4374"}],"wp:featuredmedia":[{"embeddable":true,"href":"https:\/\/benchaaben-fragrance.com\/index.php?rest_route=\/wp\/v2\/media\/4377"}],"wp:attachment":[{"href":"https:\/\/benchaaben-fragrance.com\/index.php?rest_route=%2Fwp%2Fv2%2Fmedia&parent=4374"}],"wp:term":[{"taxonomy":"product_brand","embeddable":true,"href":"https:\/\/benchaaben-fragrance.com\/index.php?rest_route=%2Fwp%2Fv2%2Fproduct_brand&post=4374"},{"taxonomy":"product_cat","embeddable":true,"href":"https:\/\/benchaaben-fragrance.com\/index.php?rest_route=%2Fwp%2Fv2%2Fproduct_cat&post=4374"},{"taxonomy":"product_tag","embeddable":true,"href":"https:\/\/benchaaben-fragrance.com\/index.php?rest_route=%2Fwp%2Fv2%2Fproduct_tag&post=4374"}],"curies":[{"name":"wp","href":"https:\/\/api.w.org\/{rel}","templated":true}]}}