{"id":4378,"date":"2024-12-13T16:40:11","date_gmt":"2024-12-13T15:40:11","guid":{"rendered":"https:\/\/benchaaben-fragrance.com\/?post_type=product&#038;p=4378"},"modified":"2024-12-13T16:42:33","modified_gmt":"2024-12-13T15:42:33","slug":"chic-for-men-carolina-herrera-extrait-de-parfum","status":"publish","type":"product","link":"https:\/\/benchaaben-fragrance.com\/?product=chic-for-men-carolina-herrera-extrait-de-parfum","title":{"rendered":"Chic For Men Carolina Herrera Extrait De Parfum"},"content":{"rendered":"<p><b>Chic For Men<\/b>\u00a0de\u00a0<b>Carolina Herrera<\/b>\u00a0est un parfum Bois\u00e9 \u00c9pic\u00e9 pour homme.\u00a0<b>Chic For Men<\/b>\u00a0a \u00e9t\u00e9 lanc\u00e9 en 2003. Chic For Men a \u00e9t\u00e9 cr\u00e9\u00e9 par Carlos Bena\u00efm, Rosendo Mateu et Jean-Marc Chaillan. Les notes de t\u00eate sont Past\u00e8que, Cardamome, Citron, Bergamote et Mandarine; les notes de coeur sont Poivre et Cannelle; les notes de fond sont Bois de santal, Musc, F\u00e8ve de tonka, Ambre et C\u00e8dre.<\/p>\n","protected":false},"excerpt":{"rendered":"<p><b>Chic For Men<\/b>\u00a0de\u00a0<b>Carolina Herrera<\/b>\u00a0est un parfum Bois\u00e9 \u00c9pic\u00e9 pour homme.\u00a0<b>Chic For Men<\/b>\u00a0a \u00e9t\u00e9 lanc\u00e9 en 2003. Chic For Men a \u00e9t\u00e9 cr\u00e9\u00e9 par Carlos Bena\u00efm, Rosendo Mateu et Jean-Marc Chaillan. Les notes de t\u00eate sont Past\u00e8que, Cardamome, Citron, Bergamote et Mandarine; les notes de coeur sont Poivre et Cannelle; les notes de fond sont Bois de santal, Musc, F\u00e8ve de tonka, Ambre et C\u00e8dre.<\/p>\n","protected":false},"featured_media":4381,"comment_status":"open","ping_status":"closed","template":"","meta":[],"product_brand":[],"product_cat":[195],"product_tag":[228,204],"class_list":{"0":"post-4378","1":"product","2":"type-product","3":"status-publish","4":"has-post-thumbnail","6":"product_cat-parfum-homme","7":"product_tag-carolina-herrera","8":"product_tag-parfum-homme","10":"first","11":"instock","12":"shipping-taxable","13":"purchasable","14":"product-type-variable","15":"has-default-attributes"},"jetpack_sharing_enabled":true,"_links":{"self":[{"href":"https:\/\/benchaaben-fragrance.com\/index.php?rest_route=\/wp\/v2\/product\/4378","targetHints":{"allow":["GET"]}}],"collection":[{"href":"https:\/\/benchaaben-fragrance.com\/index.php?rest_route=\/wp\/v2\/product"}],"about":[{"href":"https:\/\/benchaaben-fragrance.com\/index.php?rest_route=\/wp\/v2\/types\/product"}],"replies":[{"embeddable":true,"href":"https:\/\/benchaaben-fragrance.com\/index.php?rest_route=%2Fwp%2Fv2%2Fcomments&post=4378"}],"wp:featuredmedia":[{"embeddable":true,"href":"https:\/\/benchaaben-fragrance.com\/index.php?rest_route=\/wp\/v2\/media\/4381"}],"wp:attachment":[{"href":"https:\/\/benchaaben-fragrance.com\/index.php?rest_route=%2Fwp%2Fv2%2Fmedia&parent=4378"}],"wp:term":[{"taxonomy":"product_brand","embeddable":true,"href":"https:\/\/benchaaben-fragrance.com\/index.php?rest_route=%2Fwp%2Fv2%2Fproduct_brand&post=4378"},{"taxonomy":"product_cat","embeddable":true,"href":"https:\/\/benchaaben-fragrance.com\/index.php?rest_route=%2Fwp%2Fv2%2Fproduct_cat&post=4378"},{"taxonomy":"product_tag","embeddable":true,"href":"https:\/\/benchaaben-fragrance.com\/index.php?rest_route=%2Fwp%2Fv2%2Fproduct_tag&post=4378"}],"curies":[{"name":"wp","href":"https:\/\/api.w.org\/{rel}","templated":true}]}}