{"id":4382,"date":"2024-12-13T16:43:49","date_gmt":"2024-12-13T15:43:49","guid":{"rendered":"https:\/\/benchaaben-fragrance.com\/?post_type=product&#038;p=4382"},"modified":"2024-12-13T16:46:16","modified_gmt":"2024-12-13T15:46:16","slug":"imagination-louis-vuitton-extrait-de-parfum","status":"publish","type":"product","link":"https:\/\/benchaaben-fragrance.com\/?product=imagination-louis-vuitton-extrait-de-parfum","title":{"rendered":"Imagination Louis Vuitton Extrait De Parfum"},"content":{"rendered":"<p><b>Imagination<\/b>\u00a0de\u00a0<b>Louis Vuitton<\/b>\u00a0est un parfum Hesp\u00e9rid\u00e9 aromatique pour homme.\u00a0<b>Imagination<\/b>\u00a0a \u00e9t\u00e9 lanc\u00e9 en 2021. Le nez derri\u00e8re ce parfum est Jacques Cavallier Belletrud. Les notes de t\u00eate sont C\u00e9drat, Bergamote de Calabria et Orange de Sicile; les notes de coeur sont N\u00e9roli de Tunisie, Gingembre du Nigeria et Cannelle Ceylan; les notes de fond sont Th\u00e9 noir chinois, Ambroxan, Ga\u00efac et R\u00e9sine oliban.<\/p>\n","protected":false},"excerpt":{"rendered":"<p><b>Imagination<\/b>\u00a0de\u00a0<b>Louis Vuitton<\/b>\u00a0est un parfum Hesp\u00e9rid\u00e9 aromatique pour homme.\u00a0<b>Imagination<\/b>\u00a0a \u00e9t\u00e9 lanc\u00e9 en 2021. Le nez derri\u00e8re ce parfum est Jacques Cavallier Belletrud. Les notes de t\u00eate sont C\u00e9drat, Bergamote de Calabria et Orange de Sicile; les notes de coeur sont N\u00e9roli de Tunisie, Gingembre du Nigeria et Cannelle Ceylan; les notes de fond sont Th\u00e9 noir chinois, Ambroxan, Ga\u00efac et R\u00e9sine oliban.<\/p>\n","protected":false},"featured_media":4385,"comment_status":"open","ping_status":"closed","template":"","meta":[],"product_brand":[],"product_cat":[195],"product_tag":[222,204],"class_list":{"0":"post-4382","1":"product","2":"type-product","3":"status-publish","4":"has-post-thumbnail","6":"product_cat-parfum-homme","7":"product_tag-louis-vuitton","8":"product_tag-parfum-homme","10":"first","11":"instock","12":"shipping-taxable","13":"purchasable","14":"product-type-variable","15":"has-default-attributes"},"jetpack_sharing_enabled":true,"_links":{"self":[{"href":"https:\/\/benchaaben-fragrance.com\/index.php?rest_route=\/wp\/v2\/product\/4382","targetHints":{"allow":["GET"]}}],"collection":[{"href":"https:\/\/benchaaben-fragrance.com\/index.php?rest_route=\/wp\/v2\/product"}],"about":[{"href":"https:\/\/benchaaben-fragrance.com\/index.php?rest_route=\/wp\/v2\/types\/product"}],"replies":[{"embeddable":true,"href":"https:\/\/benchaaben-fragrance.com\/index.php?rest_route=%2Fwp%2Fv2%2Fcomments&post=4382"}],"wp:featuredmedia":[{"embeddable":true,"href":"https:\/\/benchaaben-fragrance.com\/index.php?rest_route=\/wp\/v2\/media\/4385"}],"wp:attachment":[{"href":"https:\/\/benchaaben-fragrance.com\/index.php?rest_route=%2Fwp%2Fv2%2Fmedia&parent=4382"}],"wp:term":[{"taxonomy":"product_brand","embeddable":true,"href":"https:\/\/benchaaben-fragrance.com\/index.php?rest_route=%2Fwp%2Fv2%2Fproduct_brand&post=4382"},{"taxonomy":"product_cat","embeddable":true,"href":"https:\/\/benchaaben-fragrance.com\/index.php?rest_route=%2Fwp%2Fv2%2Fproduct_cat&post=4382"},{"taxonomy":"product_tag","embeddable":true,"href":"https:\/\/benchaaben-fragrance.com\/index.php?rest_route=%2Fwp%2Fv2%2Fproduct_tag&post=4382"}],"curies":[{"name":"wp","href":"https:\/\/api.w.org\/{rel}","templated":true}]}}