{"id":4433,"date":"2024-12-13T17:58:08","date_gmt":"2024-12-13T16:58:08","guid":{"rendered":"https:\/\/benchaaben-fragrance.com\/?post_type=product&#038;p=4433"},"modified":"2024-12-13T18:09:48","modified_gmt":"2024-12-13T17:09:48","slug":"toy-boy-moschino-extrait-de-parfum","status":"publish","type":"product","link":"https:\/\/benchaaben-fragrance.com\/?product=toy-boy-moschino-extrait-de-parfum","title":{"rendered":"Toy Boy Moschino Extrait De Parfum"},"content":{"rendered":"<p><b>Toy Boy<\/b>\u00a0de\u00a0<b>Moschino<\/b>\u00a0est un parfum Bois\u00e9 \u00c9pic\u00e9 pour homme.\u00a0<b>Toy Boy<\/b>\u00a0a \u00e9t\u00e9 lanc\u00e9 en 2019. Le nez derri\u00e8re ce parfum est Yann Vasnier. Les notes de t\u00eate sont Poivre rose, Poire, Noix de muscade d&rsquo;Indon\u00e9sie, \u00c9l\u00e9mi et Bergamote; les notes de coeur sont Rose, Clou de girofle, Magnolia et Lin; les notes de fond sont Bois de cachemire, V\u00e9tiver de Ha\u00efti, Bois de santal, Sylkolide et Ambre.<\/p>\n","protected":false},"excerpt":{"rendered":"<p><b>Toy Boy<\/b>\u00a0de\u00a0<b>Moschino<\/b>\u00a0est un parfum Bois\u00e9 \u00c9pic\u00e9 pour homme.\u00a0<b>Toy Boy<\/b>\u00a0a \u00e9t\u00e9 lanc\u00e9 en 2019. Le nez derri\u00e8re ce parfum est Yann Vasnier. Les notes de t\u00eate sont Poivre rose, Poire, Noix de muscade d&rsquo;Indon\u00e9sie, \u00c9l\u00e9mi et Bergamote; les notes de coeur sont Rose, Clou de girofle, Magnolia et Lin; les notes de fond sont Bois de cachemire, V\u00e9tiver de Ha\u00efti, Bois de santal, Sylkolide et Ambre.<\/p>\n","protected":false},"featured_media":4438,"comment_status":"open","ping_status":"closed","template":"","meta":[],"product_brand":[],"product_cat":[195],"product_tag":[234,204],"class_list":{"0":"post-4433","1":"product","2":"type-product","3":"status-publish","4":"has-post-thumbnail","6":"product_cat-parfum-homme","7":"product_tag-moschino","8":"product_tag-parfum-homme","10":"first","11":"instock","12":"shipping-taxable","13":"purchasable","14":"product-type-variable","15":"has-default-attributes"},"jetpack_sharing_enabled":true,"_links":{"self":[{"href":"https:\/\/benchaaben-fragrance.com\/index.php?rest_route=\/wp\/v2\/product\/4433","targetHints":{"allow":["GET"]}}],"collection":[{"href":"https:\/\/benchaaben-fragrance.com\/index.php?rest_route=\/wp\/v2\/product"}],"about":[{"href":"https:\/\/benchaaben-fragrance.com\/index.php?rest_route=\/wp\/v2\/types\/product"}],"replies":[{"embeddable":true,"href":"https:\/\/benchaaben-fragrance.com\/index.php?rest_route=%2Fwp%2Fv2%2Fcomments&post=4433"}],"wp:featuredmedia":[{"embeddable":true,"href":"https:\/\/benchaaben-fragrance.com\/index.php?rest_route=\/wp\/v2\/media\/4438"}],"wp:attachment":[{"href":"https:\/\/benchaaben-fragrance.com\/index.php?rest_route=%2Fwp%2Fv2%2Fmedia&parent=4433"}],"wp:term":[{"taxonomy":"product_brand","embeddable":true,"href":"https:\/\/benchaaben-fragrance.com\/index.php?rest_route=%2Fwp%2Fv2%2Fproduct_brand&post=4433"},{"taxonomy":"product_cat","embeddable":true,"href":"https:\/\/benchaaben-fragrance.com\/index.php?rest_route=%2Fwp%2Fv2%2Fproduct_cat&post=4433"},{"taxonomy":"product_tag","embeddable":true,"href":"https:\/\/benchaaben-fragrance.com\/index.php?rest_route=%2Fwp%2Fv2%2Fproduct_tag&post=4433"}],"curies":[{"name":"wp","href":"https:\/\/api.w.org\/{rel}","templated":true}]}}