{"id":4540,"date":"2024-12-17T22:06:00","date_gmt":"2024-12-17T21:06:00","guid":{"rendered":"https:\/\/benchaaben-fragrance.com\/?post_type=product&#038;p=4540"},"modified":"2024-12-17T22:06:53","modified_gmt":"2024-12-17T21:06:53","slug":"invictus-rabanne-extrait-de-parfum","status":"publish","type":"product","link":"https:\/\/benchaaben-fragrance.com\/?product=invictus-rabanne-extrait-de-parfum","title":{"rendered":"Invictus Rabanne Extrait De Parfum"},"content":{"rendered":"<p><b>Invictus<\/b>\u00a0de\u00a0<b>Rabanne<\/b>\u00a0est un parfum Bois\u00e9 Aquatique pour homme.\u00a0<b>Invictus<\/b>\u00a0a \u00e9t\u00e9 lanc\u00e9 en 2013. Invictus a \u00e9t\u00e9 cr\u00e9\u00e9 par Veronique Nyberg, Anne Flipo, Olivier Polge et Dominique Ropion. Les notes de t\u00eate sont Notes marines, Pamplemousse et Mandarine; les notes de coeur sont Feuille de laurier et Jasmin; les notes de fond sont Ambre gris, Ga\u00efac, Mousse de ch\u00eane et Patchouli.<\/p>\n","protected":false},"excerpt":{"rendered":"<p><b>Invictus<\/b>\u00a0de\u00a0<b>Rabanne<\/b>\u00a0est un parfum Bois\u00e9 Aquatique pour homme.\u00a0<b>Invictus<\/b>\u00a0a \u00e9t\u00e9 lanc\u00e9 en 2013. Invictus a \u00e9t\u00e9 cr\u00e9\u00e9 par Veronique Nyberg, Anne Flipo, Olivier Polge et Dominique Ropion. Les notes de t\u00eate sont Notes marines, Pamplemousse et Mandarine; les notes de coeur sont Feuille de laurier et Jasmin; les notes de fond sont Ambre gris, Ga\u00efac, Mousse de ch\u00eane et Patchouli.<\/p>\n","protected":false},"featured_media":4543,"comment_status":"open","ping_status":"closed","template":"","meta":[],"product_brand":[],"product_cat":[195],"product_tag":[204,209],"class_list":{"0":"post-4540","1":"product","2":"type-product","3":"status-publish","4":"has-post-thumbnail","6":"product_cat-parfum-homme","7":"product_tag-parfum-homme","8":"product_tag-rabanne","10":"first","11":"instock","12":"shipping-taxable","13":"purchasable","14":"product-type-variable","15":"has-default-attributes"},"jetpack_sharing_enabled":true,"_links":{"self":[{"href":"https:\/\/benchaaben-fragrance.com\/index.php?rest_route=\/wp\/v2\/product\/4540","targetHints":{"allow":["GET"]}}],"collection":[{"href":"https:\/\/benchaaben-fragrance.com\/index.php?rest_route=\/wp\/v2\/product"}],"about":[{"href":"https:\/\/benchaaben-fragrance.com\/index.php?rest_route=\/wp\/v2\/types\/product"}],"replies":[{"embeddable":true,"href":"https:\/\/benchaaben-fragrance.com\/index.php?rest_route=%2Fwp%2Fv2%2Fcomments&post=4540"}],"wp:featuredmedia":[{"embeddable":true,"href":"https:\/\/benchaaben-fragrance.com\/index.php?rest_route=\/wp\/v2\/media\/4543"}],"wp:attachment":[{"href":"https:\/\/benchaaben-fragrance.com\/index.php?rest_route=%2Fwp%2Fv2%2Fmedia&parent=4540"}],"wp:term":[{"taxonomy":"product_brand","embeddable":true,"href":"https:\/\/benchaaben-fragrance.com\/index.php?rest_route=%2Fwp%2Fv2%2Fproduct_brand&post=4540"},{"taxonomy":"product_cat","embeddable":true,"href":"https:\/\/benchaaben-fragrance.com\/index.php?rest_route=%2Fwp%2Fv2%2Fproduct_cat&post=4540"},{"taxonomy":"product_tag","embeddable":true,"href":"https:\/\/benchaaben-fragrance.com\/index.php?rest_route=%2Fwp%2Fv2%2Fproduct_tag&post=4540"}],"curies":[{"name":"wp","href":"https:\/\/api.w.org\/{rel}","templated":true}]}}