{"id":4552,"date":"2024-12-17T22:53:37","date_gmt":"2024-12-17T21:53:37","guid":{"rendered":"https:\/\/benchaaben-fragrance.com\/?post_type=product&#038;p=4552"},"modified":"2024-12-17T22:54:46","modified_gmt":"2024-12-17T21:54:46","slug":"terre-dhermes-hermes-extrait-de-parfum","status":"publish","type":"product","link":"https:\/\/benchaaben-fragrance.com\/?product=terre-dhermes-hermes-extrait-de-parfum","title":{"rendered":"Terre d&rsquo;Herm\u00e8s Herm\u00e8s Extrait De Parfum"},"content":{"rendered":"<p><b>Terre d&rsquo;Herm\u00e8s<\/b>\u00a0de\u00a0<b>Herm\u00e8s<\/b>\u00a0est un parfum Bois\u00e9 \u00c9pic\u00e9 pour homme.\u00a0<b>Terre d&rsquo;Herm\u00e8s<\/b>\u00a0a \u00e9t\u00e9 lanc\u00e9 en 2006. Le nez derri\u00e8re ce parfum est Jean-Claude Ellena. Les notes de t\u00eate sont Orange et Pamplemousse; les notes de coeur sont Poivre, P\u00e9largonium et Silex; les notes de fond sont V\u00e9tiver, C\u00e8dre, Patchouli et Benjoin. Ce parfum est le gagnant du prix\u00a0<b>FiFi Award Fragrance Of The Year Men`s Luxe 2007<\/b>.<\/p>\n","protected":false},"excerpt":{"rendered":"<p><b>Terre d&rsquo;Herm\u00e8s<\/b>\u00a0de\u00a0<b>Herm\u00e8s<\/b>\u00a0est un parfum Bois\u00e9 \u00c9pic\u00e9 pour homme.\u00a0<b>Terre d&rsquo;Herm\u00e8s<\/b>\u00a0a \u00e9t\u00e9 lanc\u00e9 en 2006. Le nez derri\u00e8re ce parfum est Jean-Claude Ellena. Les notes de t\u00eate sont Orange et Pamplemousse; les notes de coeur sont Poivre, P\u00e9largonium et Silex; les notes de fond sont V\u00e9tiver, C\u00e8dre, Patchouli et Benjoin. Ce parfum est le gagnant du prix\u00a0<b>FiFi Award Fragrance Of The Year Men`s Luxe 2007<\/b>.<\/p>\n","protected":false},"featured_media":4555,"comment_status":"open","ping_status":"closed","template":"","meta":[],"product_brand":[],"product_cat":[195],"product_tag":[246,204],"class_list":{"0":"post-4552","1":"product","2":"type-product","3":"status-publish","4":"has-post-thumbnail","6":"product_cat-parfum-homme","7":"product_tag-hermes","8":"product_tag-parfum-homme","10":"first","11":"instock","12":"shipping-taxable","13":"purchasable","14":"product-type-variable","15":"has-default-attributes"},"jetpack_sharing_enabled":true,"_links":{"self":[{"href":"https:\/\/benchaaben-fragrance.com\/index.php?rest_route=\/wp\/v2\/product\/4552","targetHints":{"allow":["GET"]}}],"collection":[{"href":"https:\/\/benchaaben-fragrance.com\/index.php?rest_route=\/wp\/v2\/product"}],"about":[{"href":"https:\/\/benchaaben-fragrance.com\/index.php?rest_route=\/wp\/v2\/types\/product"}],"replies":[{"embeddable":true,"href":"https:\/\/benchaaben-fragrance.com\/index.php?rest_route=%2Fwp%2Fv2%2Fcomments&post=4552"}],"wp:featuredmedia":[{"embeddable":true,"href":"https:\/\/benchaaben-fragrance.com\/index.php?rest_route=\/wp\/v2\/media\/4555"}],"wp:attachment":[{"href":"https:\/\/benchaaben-fragrance.com\/index.php?rest_route=%2Fwp%2Fv2%2Fmedia&parent=4552"}],"wp:term":[{"taxonomy":"product_brand","embeddable":true,"href":"https:\/\/benchaaben-fragrance.com\/index.php?rest_route=%2Fwp%2Fv2%2Fproduct_brand&post=4552"},{"taxonomy":"product_cat","embeddable":true,"href":"https:\/\/benchaaben-fragrance.com\/index.php?rest_route=%2Fwp%2Fv2%2Fproduct_cat&post=4552"},{"taxonomy":"product_tag","embeddable":true,"href":"https:\/\/benchaaben-fragrance.com\/index.php?rest_route=%2Fwp%2Fv2%2Fproduct_tag&post=4552"}],"curies":[{"name":"wp","href":"https:\/\/api.w.org\/{rel}","templated":true}]}}