{"id":4592,"date":"2024-12-18T14:21:33","date_gmt":"2024-12-18T13:21:33","guid":{"rendered":"https:\/\/benchaaben-fragrance.com\/?post_type=product&#038;p=4592"},"modified":"2024-12-18T14:22:24","modified_gmt":"2024-12-18T13:22:24","slug":"armani-prive-bleu-lazuli-giorgio-armani-extrait-de-parfum","status":"publish","type":"product","link":"https:\/\/benchaaben-fragrance.com\/?product=armani-prive-bleu-lazuli-giorgio-armani-extrait-de-parfum","title":{"rendered":"Armani Priv\u00e9 Bleu Lazuli Giorgio Armani Extrait De Parfum"},"content":{"rendered":"<p><b>Armani Priv\u00e9 Bleu Lazuli<\/b>\u00a0de\u00a0<b>Giorgio Armani<\/b>\u00a0est un parfum Orientale \u00c9pic\u00e9 pour homme et femme.\u00a0<b>Armani Priv\u00e9 Bleu Lazuli<\/b>\u00a0a \u00e9t\u00e9 lanc\u00e9 en 2018. Le nez derri\u00e8re ce parfum est Pascal Gaurin. Les notes de t\u00eate sont Mat\u00e9, Cardamome et Bergamote; les notes de coeur sont Prune, Osmanthus et Jasmin; les notes de fond sont Tabac, Miel, Vanille et Bois de santal.<\/p>\n","protected":false},"excerpt":{"rendered":"<p><b>Armani Priv\u00e9 Bleu Lazuli<\/b>\u00a0de\u00a0<b>Giorgio Armani<\/b>\u00a0est un parfum Orientale \u00c9pic\u00e9 pour homme et femme.\u00a0<b>Armani Priv\u00e9 Bleu Lazuli<\/b>\u00a0a \u00e9t\u00e9 lanc\u00e9 en 2018. Le nez derri\u00e8re ce parfum est Pascal Gaurin. Les notes de t\u00eate sont Mat\u00e9, Cardamome et Bergamote; les notes de coeur sont Prune, Osmanthus et Jasmin; les notes de fond sont Tabac, Miel, Vanille et Bois de santal.<\/p>\n","protected":false},"featured_media":4595,"comment_status":"open","ping_status":"closed","template":"","meta":[],"product_brand":[],"product_cat":[196,195,197],"product_tag":[226,198,204],"class_list":{"0":"post-4592","1":"product","2":"type-product","3":"status-publish","4":"has-post-thumbnail","6":"product_cat-parfum-femme","7":"product_cat-parfum-homme","8":"product_cat-parfum-unisexe","9":"product_tag-giorgio-armani","10":"product_tag-parfum-femme","11":"product_tag-parfum-homme","13":"first","14":"instock","15":"shipping-taxable","16":"purchasable","17":"product-type-variable","18":"has-default-attributes"},"jetpack_sharing_enabled":true,"_links":{"self":[{"href":"https:\/\/benchaaben-fragrance.com\/index.php?rest_route=\/wp\/v2\/product\/4592","targetHints":{"allow":["GET"]}}],"collection":[{"href":"https:\/\/benchaaben-fragrance.com\/index.php?rest_route=\/wp\/v2\/product"}],"about":[{"href":"https:\/\/benchaaben-fragrance.com\/index.php?rest_route=\/wp\/v2\/types\/product"}],"replies":[{"embeddable":true,"href":"https:\/\/benchaaben-fragrance.com\/index.php?rest_route=%2Fwp%2Fv2%2Fcomments&post=4592"}],"wp:featuredmedia":[{"embeddable":true,"href":"https:\/\/benchaaben-fragrance.com\/index.php?rest_route=\/wp\/v2\/media\/4595"}],"wp:attachment":[{"href":"https:\/\/benchaaben-fragrance.com\/index.php?rest_route=%2Fwp%2Fv2%2Fmedia&parent=4592"}],"wp:term":[{"taxonomy":"product_brand","embeddable":true,"href":"https:\/\/benchaaben-fragrance.com\/index.php?rest_route=%2Fwp%2Fv2%2Fproduct_brand&post=4592"},{"taxonomy":"product_cat","embeddable":true,"href":"https:\/\/benchaaben-fragrance.com\/index.php?rest_route=%2Fwp%2Fv2%2Fproduct_cat&post=4592"},{"taxonomy":"product_tag","embeddable":true,"href":"https:\/\/benchaaben-fragrance.com\/index.php?rest_route=%2Fwp%2Fv2%2Fproduct_tag&post=4592"}],"curies":[{"name":"wp","href":"https:\/\/api.w.org\/{rel}","templated":true}]}}