{"id":4604,"date":"2024-12-18T14:30:05","date_gmt":"2024-12-18T13:30:05","guid":{"rendered":"https:\/\/benchaaben-fragrance.com\/?post_type=product&#038;p=4604"},"modified":"2024-12-18T14:30:58","modified_gmt":"2024-12-18T13:30:58","slug":"kouros-yves-saint-laurent-extrait-de-parfum","status":"publish","type":"product","link":"https:\/\/benchaaben-fragrance.com\/?product=kouros-yves-saint-laurent-extrait-de-parfum","title":{"rendered":"Kouros Yves Saint Laurent Extrait De Parfum"},"content":{"rendered":"<p><b>Kouros<\/b>\u00a0de\u00a0<b>Yves Saint Laurent<\/b>\u00a0est un parfum Aromatique Foug\u00e8re pour homme.\u00a0<b>Kouros<\/b>\u00a0a \u00e9t\u00e9 lanc\u00e9 en 1981. Le nez derri\u00e8re ce parfum est Pierre Bourdon. Les notes de t\u00eate sont Ald\u00e9hydes, Coriandre, Sauge sclar\u00e9e, Armoise et Bergamote; les notes de coeur sont Patchouli, \u0152illet, G\u00e9ranium, V\u00e9tiver, Jasmin, Cannelle, Racine d&rsquo;iris et Lavande; les notes de fond sont Civette, Miel, Cuir, Musc, Mousse de ch\u00eane, Ambre, F\u00e8ve de tonka et Vanille.<\/p>\n","protected":false},"excerpt":{"rendered":"<p><b>Kouros<\/b>\u00a0de\u00a0<b>Yves Saint Laurent<\/b>\u00a0est un parfum Aromatique Foug\u00e8re pour homme.\u00a0<b>Kouros<\/b>\u00a0a \u00e9t\u00e9 lanc\u00e9 en 1981. Le nez derri\u00e8re ce parfum est Pierre Bourdon. Les notes de t\u00eate sont Ald\u00e9hydes, Coriandre, Sauge sclar\u00e9e, Armoise et Bergamote; les notes de coeur sont Patchouli, \u0152illet, G\u00e9ranium, V\u00e9tiver, Jasmin, Cannelle, Racine d&rsquo;iris et Lavande; les notes de fond sont Civette, Miel, Cuir, Musc, Mousse de ch\u00eane, Ambre, F\u00e8ve de tonka et Vanille.<\/p>\n","protected":false},"featured_media":4607,"comment_status":"open","ping_status":"closed","template":"","meta":[],"product_brand":[],"product_cat":[195],"product_tag":[204,224],"class_list":{"0":"post-4604","1":"product","2":"type-product","3":"status-publish","4":"has-post-thumbnail","6":"product_cat-parfum-homme","7":"product_tag-parfum-homme","8":"product_tag-yves-saint-laurent","10":"first","11":"instock","12":"shipping-taxable","13":"purchasable","14":"product-type-variable","15":"has-default-attributes"},"jetpack_sharing_enabled":true,"_links":{"self":[{"href":"https:\/\/benchaaben-fragrance.com\/index.php?rest_route=\/wp\/v2\/product\/4604","targetHints":{"allow":["GET"]}}],"collection":[{"href":"https:\/\/benchaaben-fragrance.com\/index.php?rest_route=\/wp\/v2\/product"}],"about":[{"href":"https:\/\/benchaaben-fragrance.com\/index.php?rest_route=\/wp\/v2\/types\/product"}],"replies":[{"embeddable":true,"href":"https:\/\/benchaaben-fragrance.com\/index.php?rest_route=%2Fwp%2Fv2%2Fcomments&post=4604"}],"wp:featuredmedia":[{"embeddable":true,"href":"https:\/\/benchaaben-fragrance.com\/index.php?rest_route=\/wp\/v2\/media\/4607"}],"wp:attachment":[{"href":"https:\/\/benchaaben-fragrance.com\/index.php?rest_route=%2Fwp%2Fv2%2Fmedia&parent=4604"}],"wp:term":[{"taxonomy":"product_brand","embeddable":true,"href":"https:\/\/benchaaben-fragrance.com\/index.php?rest_route=%2Fwp%2Fv2%2Fproduct_brand&post=4604"},{"taxonomy":"product_cat","embeddable":true,"href":"https:\/\/benchaaben-fragrance.com\/index.php?rest_route=%2Fwp%2Fv2%2Fproduct_cat&post=4604"},{"taxonomy":"product_tag","embeddable":true,"href":"https:\/\/benchaaben-fragrance.com\/index.php?rest_route=%2Fwp%2Fv2%2Fproduct_tag&post=4604"}],"curies":[{"name":"wp","href":"https:\/\/api.w.org\/{rel}","templated":true}]}}