{"id":4647,"date":"2024-12-18T15:10:35","date_gmt":"2024-12-18T14:10:35","guid":{"rendered":"https:\/\/benchaaben-fragrance.com\/?post_type=product&#038;p=4647"},"modified":"2024-12-18T15:14:17","modified_gmt":"2024-12-18T14:14:17","slug":"gentleman-eau-de-parfum-boisee-givenchy-extrait-de-parfum","status":"publish","type":"product","link":"https:\/\/benchaaben-fragrance.com\/?product=gentleman-eau-de-parfum-boisee-givenchy-extrait-de-parfum","title":{"rendered":"Gentleman Eau de Parfum Bois\u00e9e Givenchy Extrait De Parfum"},"content":{"rendered":"<p><b>Gentleman Eau de Parfum Bois\u00e9e<\/b>\u00a0de\u00a0<b>Givenchy<\/b>\u00a0est un parfum Bois\u00e9 \u00c9pic\u00e9 pour homme.\u00a0<b>Gentleman Eau de Parfum Bois\u00e9e<\/b>\u00a0a \u00e9t\u00e9 lanc\u00e9 en 2020. Le nez derri\u00e8re ce parfum est Olivier Cresp. Les notes de t\u00eate sont Poivre noir, G\u00e9ranium et Coriandre; les notes de coeur sont Iris, Cosse de cacao et C\u00e8dre; les notes de fond sont Notes bois\u00e9es, Bois de santal et Patchouli.<\/p>\n","protected":false},"excerpt":{"rendered":"<p><b>Gentleman Eau de Parfum Bois\u00e9e<\/b>\u00a0de\u00a0<b>Givenchy<\/b>\u00a0est un parfum Bois\u00e9 \u00c9pic\u00e9 pour homme.\u00a0<b>Gentleman Eau de Parfum Bois\u00e9e<\/b>\u00a0a \u00e9t\u00e9 lanc\u00e9 en 2020. Le nez derri\u00e8re ce parfum est Olivier Cresp. Les notes de t\u00eate sont Poivre noir, G\u00e9ranium et Coriandre; les notes de coeur sont Iris, Cosse de cacao et C\u00e8dre; les notes de fond sont Notes bois\u00e9es, Bois de santal et Patchouli.<\/p>\n","protected":false},"featured_media":4656,"comment_status":"open","ping_status":"closed","template":"","meta":[],"product_brand":[],"product_cat":[195],"product_tag":[207,204],"class_list":{"0":"post-4647","1":"product","2":"type-product","3":"status-publish","4":"has-post-thumbnail","6":"product_cat-parfum-homme","7":"product_tag-givenchy","8":"product_tag-parfum-homme","10":"first","11":"instock","12":"shipping-taxable","13":"purchasable","14":"product-type-variable","15":"has-default-attributes"},"jetpack_sharing_enabled":true,"_links":{"self":[{"href":"https:\/\/benchaaben-fragrance.com\/index.php?rest_route=\/wp\/v2\/product\/4647","targetHints":{"allow":["GET"]}}],"collection":[{"href":"https:\/\/benchaaben-fragrance.com\/index.php?rest_route=\/wp\/v2\/product"}],"about":[{"href":"https:\/\/benchaaben-fragrance.com\/index.php?rest_route=\/wp\/v2\/types\/product"}],"replies":[{"embeddable":true,"href":"https:\/\/benchaaben-fragrance.com\/index.php?rest_route=%2Fwp%2Fv2%2Fcomments&post=4647"}],"wp:featuredmedia":[{"embeddable":true,"href":"https:\/\/benchaaben-fragrance.com\/index.php?rest_route=\/wp\/v2\/media\/4656"}],"wp:attachment":[{"href":"https:\/\/benchaaben-fragrance.com\/index.php?rest_route=%2Fwp%2Fv2%2Fmedia&parent=4647"}],"wp:term":[{"taxonomy":"product_brand","embeddable":true,"href":"https:\/\/benchaaben-fragrance.com\/index.php?rest_route=%2Fwp%2Fv2%2Fproduct_brand&post=4647"},{"taxonomy":"product_cat","embeddable":true,"href":"https:\/\/benchaaben-fragrance.com\/index.php?rest_route=%2Fwp%2Fv2%2Fproduct_cat&post=4647"},{"taxonomy":"product_tag","embeddable":true,"href":"https:\/\/benchaaben-fragrance.com\/index.php?rest_route=%2Fwp%2Fv2%2Fproduct_tag&post=4647"}],"curies":[{"name":"wp","href":"https:\/\/api.w.org\/{rel}","templated":true}]}}