{"id":4653,"date":"2024-12-18T15:13:08","date_gmt":"2024-12-18T14:13:08","guid":{"rendered":"https:\/\/benchaaben-fragrance.com\/?post_type=product&#038;p=4653"},"modified":"2024-12-18T15:17:00","modified_gmt":"2024-12-18T14:17:00","slug":"perseus-de-marly-extrait-de-parfum","status":"publish","type":"product","link":"https:\/\/benchaaben-fragrance.com\/?product=perseus-de-marly-extrait-de-parfum","title":{"rendered":"Perseus de Marly Extrait de Parfum"},"content":{"rendered":"<p><b>Perseus<\/b>\u00a0de\u00a0<b>Parfums de Marly<\/b>\u00a0est un parfum Bois\u00e9 Aromatique pour homme. C&rsquo;est un nouveau parfum.\u00a0<b>Perseus<\/b>\u00a0a \u00e9t\u00e9 lanc\u00e9 en 2024. Le nez derri\u00e8re ce parfum est Nathalie Templer. Les notes de t\u00eate sont Pamplemousse, Bergamote et Cassis; les notes de coeur sont V\u00e9tiver, Mandarine verte et G\u00e9ranium; les notes de fond sont Bois sec, Bois de cachemire, Ambre gris, Sapin baumier, C\u00e8dre et F\u00e8ve de tonka.<\/p>\n","protected":false},"excerpt":{"rendered":"<p><b>Perseus<\/b>\u00a0de\u00a0<b>Parfums de Marly<\/b>\u00a0est un parfum Bois\u00e9 Aromatique pour homme. C&rsquo;est un nouveau parfum.\u00a0<b>Perseus<\/b>\u00a0a \u00e9t\u00e9 lanc\u00e9 en 2024. Le nez derri\u00e8re ce parfum est Nathalie Templer. Les notes de t\u00eate sont Pamplemousse, Bergamote et Cassis; les notes de coeur sont V\u00e9tiver, Mandarine verte et G\u00e9ranium; les notes de fond sont Bois sec, Bois de cachemire, Ambre gris, Sapin baumier, C\u00e8dre et F\u00e8ve de tonka.<\/p>\n","protected":false},"featured_media":4657,"comment_status":"open","ping_status":"closed","template":"","meta":[],"product_brand":[],"product_cat":[195],"product_tag":[204,244],"class_list":{"0":"post-4653","1":"product","2":"type-product","3":"status-publish","4":"has-post-thumbnail","6":"product_cat-parfum-homme","7":"product_tag-parfum-homme","8":"product_tag-parfums-de-marly","10":"first","11":"instock","12":"shipping-taxable","13":"purchasable","14":"product-type-variable","15":"has-default-attributes"},"jetpack_sharing_enabled":true,"_links":{"self":[{"href":"https:\/\/benchaaben-fragrance.com\/index.php?rest_route=\/wp\/v2\/product\/4653","targetHints":{"allow":["GET"]}}],"collection":[{"href":"https:\/\/benchaaben-fragrance.com\/index.php?rest_route=\/wp\/v2\/product"}],"about":[{"href":"https:\/\/benchaaben-fragrance.com\/index.php?rest_route=\/wp\/v2\/types\/product"}],"replies":[{"embeddable":true,"href":"https:\/\/benchaaben-fragrance.com\/index.php?rest_route=%2Fwp%2Fv2%2Fcomments&post=4653"}],"wp:featuredmedia":[{"embeddable":true,"href":"https:\/\/benchaaben-fragrance.com\/index.php?rest_route=\/wp\/v2\/media\/4657"}],"wp:attachment":[{"href":"https:\/\/benchaaben-fragrance.com\/index.php?rest_route=%2Fwp%2Fv2%2Fmedia&parent=4653"}],"wp:term":[{"taxonomy":"product_brand","embeddable":true,"href":"https:\/\/benchaaben-fragrance.com\/index.php?rest_route=%2Fwp%2Fv2%2Fproduct_brand&post=4653"},{"taxonomy":"product_cat","embeddable":true,"href":"https:\/\/benchaaben-fragrance.com\/index.php?rest_route=%2Fwp%2Fv2%2Fproduct_cat&post=4653"},{"taxonomy":"product_tag","embeddable":true,"href":"https:\/\/benchaaben-fragrance.com\/index.php?rest_route=%2Fwp%2Fv2%2Fproduct_tag&post=4653"}],"curies":[{"name":"wp","href":"https:\/\/api.w.org\/{rel}","templated":true}]}}