{"id":4694,"date":"2024-12-18T15:51:30","date_gmt":"2024-12-18T14:51:30","guid":{"rendered":"https:\/\/benchaaben-fragrance.com\/?post_type=product&#038;p=4694"},"modified":"2024-12-18T15:52:25","modified_gmt":"2024-12-18T14:52:25","slug":"boss-bottled-infinite-hugo-boss-extrait-de-parfum","status":"publish","type":"product","link":"https:\/\/benchaaben-fragrance.com\/?product=boss-bottled-infinite-hugo-boss-extrait-de-parfum","title":{"rendered":"Boss Bottled Infinite Hugo Boss Extrait de Parfum"},"content":{"rendered":"<p><b>Boss Bottled Infinite<\/b>\u00a0de\u00a0<b>Hugo Boss<\/b>\u00a0est un parfum Bois\u00e9 Aromatique pour homme.\u00a0<b>Boss Bottled Infinite<\/b>\u00a0a \u00e9t\u00e9 lanc\u00e9 en 2019. Les notes de t\u00eate sont Pomme, Cannelle, Sauge et Mandarine; les notes de coeur sont Lavande, Romarin et Patchouli; les notes de fond sont Bois de santal et Olivier.<\/p>\n","protected":false},"excerpt":{"rendered":"<p><b>Boss Bottled Infinite<\/b>\u00a0de\u00a0<b>Hugo Boss<\/b>\u00a0est un parfum Bois\u00e9 Aromatique pour homme.\u00a0<b>Boss Bottled Infinite<\/b>\u00a0a \u00e9t\u00e9 lanc\u00e9 en 2019. Les notes de t\u00eate sont Pomme, Cannelle, Sauge et Mandarine; les notes de coeur sont Lavande, Romarin et Patchouli; les notes de fond sont Bois de santal et Olivier.<\/p>\n","protected":false},"featured_media":4697,"comment_status":"open","ping_status":"closed","template":"","meta":[],"product_brand":[],"product_cat":[195],"product_tag":[212,204],"class_list":{"0":"post-4694","1":"product","2":"type-product","3":"status-publish","4":"has-post-thumbnail","6":"product_cat-parfum-homme","7":"product_tag-hugo-boss","8":"product_tag-parfum-homme","10":"first","11":"instock","12":"shipping-taxable","13":"purchasable","14":"product-type-variable","15":"has-default-attributes"},"jetpack_sharing_enabled":true,"_links":{"self":[{"href":"https:\/\/benchaaben-fragrance.com\/index.php?rest_route=\/wp\/v2\/product\/4694","targetHints":{"allow":["GET"]}}],"collection":[{"href":"https:\/\/benchaaben-fragrance.com\/index.php?rest_route=\/wp\/v2\/product"}],"about":[{"href":"https:\/\/benchaaben-fragrance.com\/index.php?rest_route=\/wp\/v2\/types\/product"}],"replies":[{"embeddable":true,"href":"https:\/\/benchaaben-fragrance.com\/index.php?rest_route=%2Fwp%2Fv2%2Fcomments&post=4694"}],"wp:featuredmedia":[{"embeddable":true,"href":"https:\/\/benchaaben-fragrance.com\/index.php?rest_route=\/wp\/v2\/media\/4697"}],"wp:attachment":[{"href":"https:\/\/benchaaben-fragrance.com\/index.php?rest_route=%2Fwp%2Fv2%2Fmedia&parent=4694"}],"wp:term":[{"taxonomy":"product_brand","embeddable":true,"href":"https:\/\/benchaaben-fragrance.com\/index.php?rest_route=%2Fwp%2Fv2%2Fproduct_brand&post=4694"},{"taxonomy":"product_cat","embeddable":true,"href":"https:\/\/benchaaben-fragrance.com\/index.php?rest_route=%2Fwp%2Fv2%2Fproduct_cat&post=4694"},{"taxonomy":"product_tag","embeddable":true,"href":"https:\/\/benchaaben-fragrance.com\/index.php?rest_route=%2Fwp%2Fv2%2Fproduct_tag&post=4694"}],"curies":[{"name":"wp","href":"https:\/\/api.w.org\/{rel}","templated":true}]}}