{"id":4771,"date":"2024-12-18T17:19:23","date_gmt":"2024-12-18T16:19:23","guid":{"rendered":"https:\/\/benchaaben-fragrance.com\/?post_type=product&#038;p=4771"},"modified":"2024-12-18T17:20:23","modified_gmt":"2024-12-18T16:20:23","slug":"acqua-di-gio-profondo-giorgio-armani-extrait-de-parfum","status":"publish","type":"product","link":"https:\/\/benchaaben-fragrance.com\/?product=acqua-di-gio-profondo-giorgio-armani-extrait-de-parfum","title":{"rendered":"Acqua di Gi\u00f2 Profondo Giorgio Armani Extrait De Parfum"},"content":{"rendered":"<p><b>Acqua di Gi\u00f2 Profondo<\/b>\u00a0de\u00a0<b>Giorgio Armani<\/b>\u00a0est un parfum Aromatique Foug\u00e8re pour homme.\u00a0<b>Acqua di Gi\u00f2 Profondo<\/b>\u00a0a \u00e9t\u00e9 lanc\u00e9 en 2020. Le nez derri\u00e8re ce parfum est Alberto Morillas. Les notes de t\u00eate sont Notes marines, Aquozone, Bergamote et Mandarine verte; les notes de coeur sont Romarin, Lavande, Cypr\u00e8s et Lentisque; les notes de fond sont Notes min\u00e9rales, Musc, Patchouli et Ambre.<\/p>\n","protected":false},"excerpt":{"rendered":"<p><b>Acqua di Gi\u00f2 Profondo<\/b>\u00a0de\u00a0<b>Giorgio Armani<\/b>\u00a0est un parfum Aromatique Foug\u00e8re pour homme.\u00a0<b>Acqua di Gi\u00f2 Profondo<\/b>\u00a0a \u00e9t\u00e9 lanc\u00e9 en 2020. Le nez derri\u00e8re ce parfum est Alberto Morillas. Les notes de t\u00eate sont Notes marines, Aquozone, Bergamote et Mandarine verte; les notes de coeur sont Romarin, Lavande, Cypr\u00e8s et Lentisque; les notes de fond sont Notes min\u00e9rales, Musc, Patchouli et Ambre.<\/p>\n","protected":false},"featured_media":4774,"comment_status":"open","ping_status":"closed","template":"","meta":[],"product_brand":[],"product_cat":[195],"product_tag":[226,204],"class_list":{"0":"post-4771","1":"product","2":"type-product","3":"status-publish","4":"has-post-thumbnail","6":"product_cat-parfum-homme","7":"product_tag-giorgio-armani","8":"product_tag-parfum-homme","10":"first","11":"instock","12":"shipping-taxable","13":"purchasable","14":"product-type-variable","15":"has-default-attributes"},"jetpack_sharing_enabled":true,"_links":{"self":[{"href":"https:\/\/benchaaben-fragrance.com\/index.php?rest_route=\/wp\/v2\/product\/4771","targetHints":{"allow":["GET"]}}],"collection":[{"href":"https:\/\/benchaaben-fragrance.com\/index.php?rest_route=\/wp\/v2\/product"}],"about":[{"href":"https:\/\/benchaaben-fragrance.com\/index.php?rest_route=\/wp\/v2\/types\/product"}],"replies":[{"embeddable":true,"href":"https:\/\/benchaaben-fragrance.com\/index.php?rest_route=%2Fwp%2Fv2%2Fcomments&post=4771"}],"wp:featuredmedia":[{"embeddable":true,"href":"https:\/\/benchaaben-fragrance.com\/index.php?rest_route=\/wp\/v2\/media\/4774"}],"wp:attachment":[{"href":"https:\/\/benchaaben-fragrance.com\/index.php?rest_route=%2Fwp%2Fv2%2Fmedia&parent=4771"}],"wp:term":[{"taxonomy":"product_brand","embeddable":true,"href":"https:\/\/benchaaben-fragrance.com\/index.php?rest_route=%2Fwp%2Fv2%2Fproduct_brand&post=4771"},{"taxonomy":"product_cat","embeddable":true,"href":"https:\/\/benchaaben-fragrance.com\/index.php?rest_route=%2Fwp%2Fv2%2Fproduct_cat&post=4771"},{"taxonomy":"product_tag","embeddable":true,"href":"https:\/\/benchaaben-fragrance.com\/index.php?rest_route=%2Fwp%2Fv2%2Fproduct_tag&post=4771"}],"curies":[{"name":"wp","href":"https:\/\/api.w.org\/{rel}","templated":true}]}}