{"id":4795,"date":"2024-12-18T17:40:44","date_gmt":"2024-12-18T16:40:44","guid":{"rendered":"https:\/\/benchaaben-fragrance.com\/?post_type=product&#038;p=4795"},"modified":"2024-12-18T17:41:31","modified_gmt":"2024-12-18T16:41:31","slug":"kirke-tiziana-terenzi-extrait-de-parfum","status":"publish","type":"product","link":"https:\/\/benchaaben-fragrance.com\/?product=kirke-tiziana-terenzi-extrait-de-parfum","title":{"rendered":"Kirke Tiziana Terenzi Extrait De Parfum"},"content":{"rendered":"<p><b>Kirke<\/b>\u00a0de\u00a0<b>Tiziana Terenzi<\/b>\u00a0est un parfum Chypr\u00e9 Fruit\u00e9 pour homme et femme.\u00a0<b>Kirke<\/b>\u00a0a \u00e9t\u00e9 lanc\u00e9 en 2015. Le nez derri\u00e8re ce parfum est Paolo Terenzi. Les notes de t\u00eate sont Fruit de la passion, P\u00eache, Poire, Framboise, Bourgeon de cassis et Sable; la note de coeur est Muguet; les notes de fond sont Musc, Bois de santal, Vanille, Patchouli et H\u00e9liotrope.<\/p>\n","protected":false},"excerpt":{"rendered":"<p><b>Kirke<\/b>\u00a0de\u00a0<b>Tiziana Terenzi<\/b>\u00a0est un parfum Chypr\u00e9 Fruit\u00e9 pour homme et femme.\u00a0<b>Kirke<\/b>\u00a0a \u00e9t\u00e9 lanc\u00e9 en 2015. Le nez derri\u00e8re ce parfum est Paolo Terenzi. Les notes de t\u00eate sont Fruit de la passion, P\u00eache, Poire, Framboise, Bourgeon de cassis et Sable; la note de coeur est Muguet; les notes de fond sont Musc, Bois de santal, Vanille, Patchouli et H\u00e9liotrope.<\/p>\n","protected":false},"featured_media":4798,"comment_status":"open","ping_status":"closed","template":"","meta":[],"product_brand":[],"product_cat":[196,195,197],"product_tag":[198,204,261],"class_list":{"0":"post-4795","1":"product","2":"type-product","3":"status-publish","4":"has-post-thumbnail","6":"product_cat-parfum-femme","7":"product_cat-parfum-homme","8":"product_cat-parfum-unisexe","9":"product_tag-parfum-femme","10":"product_tag-parfum-homme","11":"product_tag-tiziana-terenzi","13":"first","14":"instock","15":"shipping-taxable","16":"purchasable","17":"product-type-variable","18":"has-default-attributes"},"jetpack_sharing_enabled":true,"_links":{"self":[{"href":"https:\/\/benchaaben-fragrance.com\/index.php?rest_route=\/wp\/v2\/product\/4795","targetHints":{"allow":["GET"]}}],"collection":[{"href":"https:\/\/benchaaben-fragrance.com\/index.php?rest_route=\/wp\/v2\/product"}],"about":[{"href":"https:\/\/benchaaben-fragrance.com\/index.php?rest_route=\/wp\/v2\/types\/product"}],"replies":[{"embeddable":true,"href":"https:\/\/benchaaben-fragrance.com\/index.php?rest_route=%2Fwp%2Fv2%2Fcomments&post=4795"}],"wp:featuredmedia":[{"embeddable":true,"href":"https:\/\/benchaaben-fragrance.com\/index.php?rest_route=\/wp\/v2\/media\/4798"}],"wp:attachment":[{"href":"https:\/\/benchaaben-fragrance.com\/index.php?rest_route=%2Fwp%2Fv2%2Fmedia&parent=4795"}],"wp:term":[{"taxonomy":"product_brand","embeddable":true,"href":"https:\/\/benchaaben-fragrance.com\/index.php?rest_route=%2Fwp%2Fv2%2Fproduct_brand&post=4795"},{"taxonomy":"product_cat","embeddable":true,"href":"https:\/\/benchaaben-fragrance.com\/index.php?rest_route=%2Fwp%2Fv2%2Fproduct_cat&post=4795"},{"taxonomy":"product_tag","embeddable":true,"href":"https:\/\/benchaaben-fragrance.com\/index.php?rest_route=%2Fwp%2Fv2%2Fproduct_tag&post=4795"}],"curies":[{"name":"wp","href":"https:\/\/api.w.org\/{rel}","templated":true}]}}