{"id":4862,"date":"2024-12-22T17:20:21","date_gmt":"2024-12-22T16:20:21","guid":{"rendered":"https:\/\/benchaaben-fragrance.com\/?post_type=product&#038;p=4862"},"modified":"2024-12-22T17:21:21","modified_gmt":"2024-12-22T16:21:21","slug":"la-nuit-de-lhomme-yves-saint-laurent-extrait-de-parfum","status":"publish","type":"product","link":"https:\/\/benchaaben-fragrance.com\/?product=la-nuit-de-lhomme-yves-saint-laurent-extrait-de-parfum","title":{"rendered":"La Nuit de l&rsquo;Homme Yves Saint Laurent Extrait De Parfum"},"content":{"rendered":"<p><b>La Nuit de l&rsquo;Homme<\/b>\u00a0de\u00a0<b>Yves Saint Laurent<\/b>\u00a0est un parfum Bois\u00e9 \u00c9pic\u00e9 pour homme.\u00a0<b>La Nuit de l&rsquo;Homme<\/b>\u00a0a \u00e9t\u00e9 lanc\u00e9 en 2009. La Nuit de l&rsquo;Homme a \u00e9t\u00e9 cr\u00e9\u00e9 par Anne Flipo, Pierre Wargnye et Dominique Ropion. La note de t\u00eate est Cardamome; les notes de coeur sont Lavande, C\u00e8dre de Virginie et Bergamote; les notes de fond sont V\u00e9tiver et Carvi.<\/p>\n","protected":false},"excerpt":{"rendered":"<p><b>La Nuit de l&rsquo;Homme<\/b>\u00a0de\u00a0<b>Yves Saint Laurent<\/b>\u00a0est un parfum Bois\u00e9 \u00c9pic\u00e9 pour homme.\u00a0<b>La Nuit de l&rsquo;Homme<\/b>\u00a0a \u00e9t\u00e9 lanc\u00e9 en 2009. La Nuit de l&rsquo;Homme a \u00e9t\u00e9 cr\u00e9\u00e9 par Anne Flipo, Pierre Wargnye et Dominique Ropion. La note de t\u00eate est Cardamome; les notes de coeur sont Lavande, C\u00e8dre de Virginie et Bergamote; les notes de fond sont V\u00e9tiver et Carvi.<\/p>\n","protected":false},"featured_media":4865,"comment_status":"open","ping_status":"closed","template":"","meta":[],"product_brand":[],"product_cat":[195],"product_tag":[204,224],"class_list":{"0":"post-4862","1":"product","2":"type-product","3":"status-publish","4":"has-post-thumbnail","6":"product_cat-parfum-homme","7":"product_tag-parfum-homme","8":"product_tag-yves-saint-laurent","10":"first","11":"instock","12":"shipping-taxable","13":"purchasable","14":"product-type-variable","15":"has-default-attributes"},"jetpack_sharing_enabled":true,"_links":{"self":[{"href":"https:\/\/benchaaben-fragrance.com\/index.php?rest_route=\/wp\/v2\/product\/4862","targetHints":{"allow":["GET"]}}],"collection":[{"href":"https:\/\/benchaaben-fragrance.com\/index.php?rest_route=\/wp\/v2\/product"}],"about":[{"href":"https:\/\/benchaaben-fragrance.com\/index.php?rest_route=\/wp\/v2\/types\/product"}],"replies":[{"embeddable":true,"href":"https:\/\/benchaaben-fragrance.com\/index.php?rest_route=%2Fwp%2Fv2%2Fcomments&post=4862"}],"wp:featuredmedia":[{"embeddable":true,"href":"https:\/\/benchaaben-fragrance.com\/index.php?rest_route=\/wp\/v2\/media\/4865"}],"wp:attachment":[{"href":"https:\/\/benchaaben-fragrance.com\/index.php?rest_route=%2Fwp%2Fv2%2Fmedia&parent=4862"}],"wp:term":[{"taxonomy":"product_brand","embeddable":true,"href":"https:\/\/benchaaben-fragrance.com\/index.php?rest_route=%2Fwp%2Fv2%2Fproduct_brand&post=4862"},{"taxonomy":"product_cat","embeddable":true,"href":"https:\/\/benchaaben-fragrance.com\/index.php?rest_route=%2Fwp%2Fv2%2Fproduct_cat&post=4862"},{"taxonomy":"product_tag","embeddable":true,"href":"https:\/\/benchaaben-fragrance.com\/index.php?rest_route=%2Fwp%2Fv2%2Fproduct_tag&post=4862"}],"curies":[{"name":"wp","href":"https:\/\/api.w.org\/{rel}","templated":true}]}}

<p><b>La Nuit de l&rsquo;Homme</b> de <b>Yves Saint Laurent</b> est un parfum Boisé Épicé pour homme. <b>La Nuit de l&rsquo;Homme</b> a été lancé en 2009. La Nuit de l&rsquo;Homme a été créé par Anne Flipo, Pierre Wargnye et Dominique Ropion. La note de tête est Cardamome; les notes de coeur sont Lavande, Cèdre de Virginie et Bergamote; les notes de fond sont Vétiver et Carvi.</p>
