{"id":4898,"date":"2024-12-22T21:16:05","date_gmt":"2024-12-22T20:16:05","guid":{"rendered":"https:\/\/benchaaben-fragrance.com\/?post_type=product&#038;p=4898"},"modified":"2024-12-22T21:16:59","modified_gmt":"2024-12-22T20:16:59","slug":"layton-parfums-de-marly-extrait-de-parfum","status":"publish","type":"product","link":"https:\/\/benchaaben-fragrance.com\/?product=layton-parfums-de-marly-extrait-de-parfum","title":{"rendered":"Layton Parfums de Marly Extrait De Parfum"},"content":{"rendered":"<p><b>Layton<\/b>\u00a0de\u00a0<b>Parfums de Marly<\/b>\u00a0est un parfum Orientale Floral pour homme et femme.\u00a0<b>Layton<\/b>\u00a0a \u00e9t\u00e9 lanc\u00e9 en 2016. Le nez derri\u00e8re ce parfum est Hamid Merati-Kashani. Les notes de t\u00eate sont Pomme, Lavande, Bergamote et Mandarine; les notes de coeur sont G\u00e9ranium, Violette et Jasmin; les notes de fond sont Vanille, Cardamome, Bois de santal, Poivre, Ga\u00efac et Patchouli.<\/p>\n","protected":false},"excerpt":{"rendered":"<p><b>Layton<\/b>\u00a0de\u00a0<b>Parfums de Marly<\/b>\u00a0est un parfum Orientale Floral pour homme et femme.\u00a0<b>Layton<\/b>\u00a0a \u00e9t\u00e9 lanc\u00e9 en 2016. Le nez derri\u00e8re ce parfum est Hamid Merati-Kashani. Les notes de t\u00eate sont Pomme, Lavande, Bergamote et Mandarine; les notes de coeur sont G\u00e9ranium, Violette et Jasmin; les notes de fond sont Vanille, Cardamome, Bois de santal, Poivre, Ga\u00efac et Patchouli.<\/p>\n","protected":false},"featured_media":4901,"comment_status":"open","ping_status":"closed","template":"","meta":[],"product_brand":[],"product_cat":[196,195,197],"product_tag":[198,204,244],"class_list":{"0":"post-4898","1":"product","2":"type-product","3":"status-publish","4":"has-post-thumbnail","6":"product_cat-parfum-femme","7":"product_cat-parfum-homme","8":"product_cat-parfum-unisexe","9":"product_tag-parfum-femme","10":"product_tag-parfum-homme","11":"product_tag-parfums-de-marly","13":"first","14":"instock","15":"shipping-taxable","16":"purchasable","17":"product-type-variable","18":"has-default-attributes"},"jetpack_sharing_enabled":true,"_links":{"self":[{"href":"https:\/\/benchaaben-fragrance.com\/index.php?rest_route=\/wp\/v2\/product\/4898","targetHints":{"allow":["GET"]}}],"collection":[{"href":"https:\/\/benchaaben-fragrance.com\/index.php?rest_route=\/wp\/v2\/product"}],"about":[{"href":"https:\/\/benchaaben-fragrance.com\/index.php?rest_route=\/wp\/v2\/types\/product"}],"replies":[{"embeddable":true,"href":"https:\/\/benchaaben-fragrance.com\/index.php?rest_route=%2Fwp%2Fv2%2Fcomments&post=4898"}],"wp:featuredmedia":[{"embeddable":true,"href":"https:\/\/benchaaben-fragrance.com\/index.php?rest_route=\/wp\/v2\/media\/4901"}],"wp:attachment":[{"href":"https:\/\/benchaaben-fragrance.com\/index.php?rest_route=%2Fwp%2Fv2%2Fmedia&parent=4898"}],"wp:term":[{"taxonomy":"product_brand","embeddable":true,"href":"https:\/\/benchaaben-fragrance.com\/index.php?rest_route=%2Fwp%2Fv2%2Fproduct_brand&post=4898"},{"taxonomy":"product_cat","embeddable":true,"href":"https:\/\/benchaaben-fragrance.com\/index.php?rest_route=%2Fwp%2Fv2%2Fproduct_cat&post=4898"},{"taxonomy":"product_tag","embeddable":true,"href":"https:\/\/benchaaben-fragrance.com\/index.php?rest_route=%2Fwp%2Fv2%2Fproduct_tag&post=4898"}],"curies":[{"name":"wp","href":"https:\/\/api.w.org\/{rel}","templated":true}]}}