{"id":4906,"date":"2024-12-22T21:25:39","date_gmt":"2024-12-22T20:25:39","guid":{"rendered":"https:\/\/benchaaben-fragrance.com\/?post_type=product&#038;p=4906"},"modified":"2024-12-22T21:26:24","modified_gmt":"2024-12-22T20:26:24","slug":"armani-prive-vert-malachite-giorgio-armani-extrait-de-parfum","status":"publish","type":"product","link":"https:\/\/benchaaben-fragrance.com\/?product=armani-prive-vert-malachite-giorgio-armani-extrait-de-parfum","title":{"rendered":"Armani Prive Vert Malachite Giorgio Armani Extrait De Parfum"},"content":{"rendered":"<p><b>Armani Prive Vert Malachite<\/b>\u00a0de\u00a0<b>Giorgio Armani<\/b>\u00a0est un parfum Bois\u00e9 Aromatique pour homme et femme.\u00a0<b>Armani Prive Vert Malachite<\/b>\u00a0a \u00e9t\u00e9 lanc\u00e9 en 2016. Le nez derri\u00e8re ce parfum est Fabrice Pellegrin. Les notes de t\u00eate sont Bigarade et Petit-grain; les notes de coeur sont Jasmin Sambac, Ylang-ylang et Poivre rose; les notes de fond sont Lys, Vanille et Benjoin.<\/p>\n","protected":false},"excerpt":{"rendered":"<p><b>Armani Prive Vert Malachite<\/b>\u00a0de\u00a0<b>Giorgio Armani<\/b>\u00a0est un parfum Bois\u00e9 Aromatique pour homme et femme.\u00a0<b>Armani Prive Vert Malachite<\/b>\u00a0a \u00e9t\u00e9 lanc\u00e9 en 2016. Le nez derri\u00e8re ce parfum est Fabrice Pellegrin. Les notes de t\u00eate sont Bigarade et Petit-grain; les notes de coeur sont Jasmin Sambac, Ylang-ylang et Poivre rose; les notes de fond sont Lys, Vanille et Benjoin.<\/p>\n","protected":false},"featured_media":4909,"comment_status":"open","ping_status":"closed","template":"","meta":[],"product_brand":[],"product_cat":[196,195,197],"product_tag":[226,198,204],"class_list":{"0":"post-4906","1":"product","2":"type-product","3":"status-publish","4":"has-post-thumbnail","6":"product_cat-parfum-femme","7":"product_cat-parfum-homme","8":"product_cat-parfum-unisexe","9":"product_tag-giorgio-armani","10":"product_tag-parfum-femme","11":"product_tag-parfum-homme","13":"first","14":"instock","15":"shipping-taxable","16":"purchasable","17":"product-type-variable","18":"has-default-attributes"},"jetpack_sharing_enabled":true,"_links":{"self":[{"href":"https:\/\/benchaaben-fragrance.com\/index.php?rest_route=\/wp\/v2\/product\/4906","targetHints":{"allow":["GET"]}}],"collection":[{"href":"https:\/\/benchaaben-fragrance.com\/index.php?rest_route=\/wp\/v2\/product"}],"about":[{"href":"https:\/\/benchaaben-fragrance.com\/index.php?rest_route=\/wp\/v2\/types\/product"}],"replies":[{"embeddable":true,"href":"https:\/\/benchaaben-fragrance.com\/index.php?rest_route=%2Fwp%2Fv2%2Fcomments&post=4906"}],"wp:featuredmedia":[{"embeddable":true,"href":"https:\/\/benchaaben-fragrance.com\/index.php?rest_route=\/wp\/v2\/media\/4909"}],"wp:attachment":[{"href":"https:\/\/benchaaben-fragrance.com\/index.php?rest_route=%2Fwp%2Fv2%2Fmedia&parent=4906"}],"wp:term":[{"taxonomy":"product_brand","embeddable":true,"href":"https:\/\/benchaaben-fragrance.com\/index.php?rest_route=%2Fwp%2Fv2%2Fproduct_brand&post=4906"},{"taxonomy":"product_cat","embeddable":true,"href":"https:\/\/benchaaben-fragrance.com\/index.php?rest_route=%2Fwp%2Fv2%2Fproduct_cat&post=4906"},{"taxonomy":"product_tag","embeddable":true,"href":"https:\/\/benchaaben-fragrance.com\/index.php?rest_route=%2Fwp%2Fv2%2Fproduct_tag&post=4906"}],"curies":[{"name":"wp","href":"https:\/\/api.w.org\/{rel}","templated":true}]}}

<p><b>Armani Prive Vert Malachite</b> de <b>Giorgio Armani</b> est un parfum Boisé Aromatique pour homme et femme. <b>Armani Prive Vert Malachite</b> a été lancé en 2016. Le nez derrière ce parfum est Fabrice Pellegrin. Les notes de tête sont Bigarade et Petit-grain; les notes de coeur sont Jasmin Sambac, Ylang-ylang et Poivre rose; les notes de fond sont Lys, Vanille et Benjoin.</p>
