{"id":4930,"date":"2024-12-25T13:32:25","date_gmt":"2024-12-25T12:32:25","guid":{"rendered":"https:\/\/benchaaben-fragrance.com\/?post_type=product&#038;p=4930"},"modified":"2024-12-25T13:35:25","modified_gmt":"2024-12-25T12:35:25","slug":"emporio-armani-stronger-with-you-absolutely-extrait-de-parfum","status":"publish","type":"product","link":"https:\/\/benchaaben-fragrance.com\/?product=emporio-armani-stronger-with-you-absolutely-extrait-de-parfum","title":{"rendered":"Emporio Armani Stronger With You Absolutely Giorgio Armani Extrait De Parfum"},"content":{"rendered":"<p><b>Emporio Armani Stronger With You Absolutely<\/b>\u00a0de\u00a0<b>Giorgio Armani<\/b>\u00a0est un parfum Orientale Foug\u00e8re pour homme.\u00a0<b>Emporio Armani Stronger With You Absolutely<\/b>\u00a0a \u00e9t\u00e9 lanc\u00e9 en 2021. Le nez derri\u00e8re ce parfum est Cecile Matton. Les notes de t\u00eate sont Rhum, \u00c9l\u00e9mi et Bergamote; les notes de coeur sont Lavande et Davana; les notes de fond sont Vanille de Madagascar, Ch\u00e2taigne, C\u00e8dre et Patchouli.<\/p>\n","protected":false},"excerpt":{"rendered":"<p><b>Emporio Armani Stronger With You Absolutely<\/b>\u00a0de\u00a0<b>Giorgio Armani<\/b>\u00a0est un parfum Orientale Foug\u00e8re pour homme.\u00a0<b>Emporio Armani Stronger With You Absolutely<\/b>\u00a0a \u00e9t\u00e9 lanc\u00e9 en 2021. Le nez derri\u00e8re ce parfum est Cecile Matton. Les notes de t\u00eate sont Rhum, \u00c9l\u00e9mi et Bergamote; les notes de coeur sont Lavande et Davana; les notes de fond sont Vanille de Madagascar, Ch\u00e2taigne, C\u00e8dre et Patchouli.<\/p>\n","protected":false},"featured_media":4933,"comment_status":"open","ping_status":"closed","template":"","meta":[],"product_brand":[],"product_cat":[195],"product_tag":[226,204],"class_list":{"0":"post-4930","1":"product","2":"type-product","3":"status-publish","4":"has-post-thumbnail","6":"product_cat-parfum-homme","7":"product_tag-giorgio-armani","8":"product_tag-parfum-homme","10":"first","11":"instock","12":"shipping-taxable","13":"purchasable","14":"product-type-variable","15":"has-default-attributes"},"jetpack_sharing_enabled":true,"_links":{"self":[{"href":"https:\/\/benchaaben-fragrance.com\/index.php?rest_route=\/wp\/v2\/product\/4930","targetHints":{"allow":["GET"]}}],"collection":[{"href":"https:\/\/benchaaben-fragrance.com\/index.php?rest_route=\/wp\/v2\/product"}],"about":[{"href":"https:\/\/benchaaben-fragrance.com\/index.php?rest_route=\/wp\/v2\/types\/product"}],"replies":[{"embeddable":true,"href":"https:\/\/benchaaben-fragrance.com\/index.php?rest_route=%2Fwp%2Fv2%2Fcomments&post=4930"}],"wp:featuredmedia":[{"embeddable":true,"href":"https:\/\/benchaaben-fragrance.com\/index.php?rest_route=\/wp\/v2\/media\/4933"}],"wp:attachment":[{"href":"https:\/\/benchaaben-fragrance.com\/index.php?rest_route=%2Fwp%2Fv2%2Fmedia&parent=4930"}],"wp:term":[{"taxonomy":"product_brand","embeddable":true,"href":"https:\/\/benchaaben-fragrance.com\/index.php?rest_route=%2Fwp%2Fv2%2Fproduct_brand&post=4930"},{"taxonomy":"product_cat","embeddable":true,"href":"https:\/\/benchaaben-fragrance.com\/index.php?rest_route=%2Fwp%2Fv2%2Fproduct_cat&post=4930"},{"taxonomy":"product_tag","embeddable":true,"href":"https:\/\/benchaaben-fragrance.com\/index.php?rest_route=%2Fwp%2Fv2%2Fproduct_tag&post=4930"}],"curies":[{"name":"wp","href":"https:\/\/api.w.org\/{rel}","templated":true}]}}